{"id":26,"date":"2018-07-23T10:50:14","date_gmt":"2018-07-23T10:50:14","guid":{"rendered":"http:\/\/gasthaus-binder.at\/?page_id=26"},"modified":"2018-09-29T12:55:06","modified_gmt":"2018-09-29T12:55:06","slug":"kontakt-anfahrt","status":"publish","type":"page","link":"https:\/\/gasthaus-binder.at\/?page_id=26","title":{"rendered":"Kontakt\/Anfahrt"},"content":{"rendered":"<p>Reservierungen k\u00f6nnen jederzeit w\u00e4hrend unserer \u00d6ffnungszeiten unter 02212\/2252 durchgef\u00fchrt werden.<\/p>\n<p>Unser Gasthaus befindet sich in der Nationalparkgemeinde Orth an der Donau unmittelbar neben dem Schlo\u00df.<\/p>\n<p>Hier befindet sich unser Gasthaus:<\/p>\n<p>&nbsp;<\/p>\n<p><iframe src=\"https:\/\/www.google.com\/maps\/embed?pb=!1m18!1m12!1m3!1d166.38699561872875!2d16.69834403236356!3d48.14510491446447!2m3!1f0!2f0!3f0!3m2!1i1024!2i768!4f13.1!3m3!1m2!1s0x476cf879a3be0a47%3A0x39234d4a2c86d84f!2sGasthaus+Binder+Orth+an+der+Donau!5e0!3m2!1sde!2sat!4v1538225542083\" width=\"600\" height=\"450\" frameborder=\"0\" style=\"border:0\" allowfullscreen=\"\"><\/iframe>&nbsp;<\/p>\n<p>&nbsp;<\/p>\n","protected":false},"excerpt":{"rendered":"<p>Reservierungen k\u00f6nnen jederzeit w\u00e4hrend unserer \u00d6ffnungszeiten unter 02212\/2252 durchgef\u00fchrt werden. Unser Gasthaus befindet sich in der Nationalparkgemeinde Orth an der<\/p>\n","protected":false},"author":1,"featured_media":0,"parent":0,"menu_order":0,"comment_status":"closed","ping_status":"closed","template":"","meta":{"footnotes":""},"class_list":["post-26","page","type-page","status-publish","hentry"],"jetpack_sharing_enabled":true,"_links":{"self":[{"href":"https:\/\/gasthaus-binder.at\/index.php?rest_route=\/wp\/v2\/pages\/26","targetHints":{"allow":["GET"]}}],"collection":[{"href":"https:\/\/gasthaus-binder.at\/index.php?rest_route=\/wp\/v2\/pages"}],"about":[{"href":"https:\/\/gasthaus-binder.at\/index.php?rest_route=\/wp\/v2\/types\/page"}],"author":[{"embeddable":true,"href":"https:\/\/gasthaus-binder.at\/index.php?rest_route=\/wp\/v2\/users\/1"}],"replies":[{"embeddable":true,"href":"https:\/\/gasthaus-binder.at\/index.php?rest_route=%2Fwp%2Fv2%2Fcomments&post=26"}],"version-history":[{"count":9,"href":"https:\/\/gasthaus-binder.at\/index.php?rest_route=\/wp\/v2\/pages\/26\/revisions"}],"predecessor-version":[{"id":126,"href":"https:\/\/gasthaus-binder.at\/index.php?rest_route=\/wp\/v2\/pages\/26\/revisions\/126"}],"wp:attachment":[{"href":"https:\/\/gasthaus-binder.at\/index.php?rest_route=%2Fwp%2Fv2%2Fmedia&parent=26"}],"curies":[{"name":"wp","href":"https:\/\/api.w.org\/{rel}","templated":true}]}}